{"id":13,"date":"2015-11-12T19:15:43","date_gmt":"2015-11-12T17:15:43","guid":{"rendered":"http:\/\/tyovaki2011.nettisivu.org\/?page_id=13"},"modified":"2019-04-18T10:50:38","modified_gmt":"2019-04-18T08:50:38","slug":"muut-tyovaenperinnelaitokset-suomessa","status":"publish","type":"page","link":"https:\/\/www.tyovaenperinne.fi\/tyovaki\/muut-tyovaenperinnelaitokset-suomessa\/","title":{"rendered":"SUOMALAISIA TY\u00d6V\u00c4ENPERINNELAITOKSIA"},"content":{"rendered":"<p class=\"MsoNormal\" style=\"text-align: center;\"><span style=\"color: #800080;\"><em>\u00a0<\/em><\/span><\/p>\n<p class=\"MsoNormal\" style=\"text-align: left;\"><a href=\"https:\/\/www.tyovaenperinne.fi\/tyovaki\/wp-content\/uploads\/2015\/11\/Ty\u00f6v\u00e4enperinteen-liput.gif\"><img decoding=\"async\" loading=\"lazy\" class=\"aligncenter wp-image-484\" src=\"https:\/\/www.tyovaenperinne.fi\/tyovaki\/wp-content\/uploads\/2015\/11\/Ty\u00f6v\u00e4enperinteen-liput-300x195.gif\" alt=\"Ty\u00f6v\u00e4enperinteen liput\" width=\"343\" height=\"223\" \/><\/a><\/p>\n<p class=\"MsoNormal\" style=\"text-align: left;\"><span style=\"color: #800080;\"><em>Ty\u00f6v\u00e4enperinnelaitokset ovat t\u00e4rkeit\u00e4 siksi, ett\u00e4 ty\u00f6v\u00e4en perinne on olennainen osa suomalaista kulttuuriperint\u00f6\u00e4. Ty\u00f6n historian tuntemus on v\u00e4ltt\u00e4m\u00e4t\u00f6nt\u00e4 nykyisen dynaamisen yhteiskunnan ymm\u00e4rt\u00e4miseksi <\/em>(1, 14).<\/span><\/p>\n<p class=\"MsoNormal\" style=\"text-align: left;\">Laitosten otsikot toimivat linkkein\u00e4 niiden sivuille.<\/p>\n<p class=\"MsoNormal\" style=\"text-align: left;\"><span style=\"color: #800080;\">Ty\u00f6v\u00e4en organisaatiot ovat perustaneet verkkosivuston<\/span> <strong><a href=\"http:\/\/www.tyovaenliike.fi\/\" target=\"_blank\" rel=\"noopener noreferrer\">www.tyovaenliike.fi<\/a><\/strong>,<span style=\"color: #800080;\"> jonka tarkoituksenaon koota yhteen ty\u00f6v\u00e4enliikkeen ohjelmaa juhlavuosille 2017 ja 2018. Verkkosivustolla on mm. kalenteri, johon tulee ilmoituksia juhlavuoden tapahtumista.<\/span><\/p>\n<h3 class=\"MsoNormal\" style=\"text-align: left;\"><em>Taustaa<\/em><\/h3>\n<p class=\"MsoNormal\">Vuonna 1975 voimaan astunut yksityisarkistolaki takasi ty\u00f6v\u00e4enliikkeen arkistoille perustoimintaedellytykset. Arkistotoiminnan ulkopuolelle j\u00e4i kuitenkin monia muita ty\u00f6v\u00e4en perinnety\u00f6h\u00f6n liittyvi\u00e4 toimintoja, kuten museaalinen aineisto ja arkistojen yhteydess\u00e4 toimivat laajat kirjastot (1, 3).<\/p>\n<p class=\"MsoNormal\">Sek\u00e4 opetusministeri\u00f6n asettamien ty\u00f6ryhmien, ett\u00e4 ty\u00f6v\u00e4enliikkeen eri j\u00e4rjest\u00f6jen piiriss\u00e4 tehtyjen esitysten pohjalta nousi esiin kaksi tavoitetta. Maahan oli perustettava Ty\u00f6v\u00e4enliikkeen kirjasto ja Ty\u00f6v\u00e4en keskusmuseo (nyk. Ty\u00f6v\u00e4enmuseo Werstas). T\u00e4t\u00e4 tarkoitusta varten perustettiin loppukev\u00e4\u00e4st\u00e4 1983 Ty\u00f6v\u00e4enperinne &#8211; Arbetartradition ry. Sen perustajaj\u00e4rjest\u00f6j\u00e4 olivat Kansan Sivistysrahasto, Ty\u00f6v\u00e4en Arkiston S\u00e4\u00e4ti\u00f6 ja Ty\u00f6v\u00e4en Sivistysliitto. Perustamisen yhteydess\u00e4 kaikki merkitt\u00e4v\u00e4t ty\u00f6v\u00e4enliikkeen j\u00e4rjest\u00f6t ja laitokset pyrittiin saamaan mukaan tukemaan n\u00e4it\u00e4 laitoksia (1, 3).<\/p>\n<p class=\"MsoNormal\">Ty\u00f6v\u00e4enperinne ry:n ty\u00f6 k\u00e4ynnistyi vuoden 1983 syksyll\u00e4 valtionavun turvin, jolloin ryhdyttiin j\u00e4rjest\u00e4m\u00e4\u00e4n Ty\u00f6v\u00e4en Arkiston kaoottisessa tilassa ollutta kirjastoa. My\u00f6hemmin ty\u00f6t\u00e4 jatkettiin j\u00e4rjest\u00e4m\u00e4ll\u00e4 Kansan Arkiston kirjastoa. Ty\u00f6v\u00e4enliikkeen kirjasto perustettiin vuonna 1986. Se aloitti itsen\u00e4isen toimintansa vuoden 1987 maaliskuussa (1, 3-4).<\/p>\n<p class=\"MsoNormal\">Ty\u00f6v\u00e4en keskusmuseon perustamista varten sek\u00e4 Ty\u00f6v\u00e4en Arkiston ett\u00e4 Kansan Arkiston museoesineit\u00e4 ryhdyttiin j\u00e4rjest\u00e4m\u00e4\u00e4n projektity\u00f6voiman turvin. Museon sijaintipaikkakunnaksi p\u00e4\u00e4tettiin Tampere. Palkattu suunnittelija ryhtyi selvitysty\u00f6h\u00f6n ja esineist\u00f6\u00e4 ker\u00e4ttiin vuokrattuun varastoon. Vuonna 1988 perustettiin Ty\u00f6v\u00e4en keskusmuseoyhdistys kotipaikkanaan Tampere. Sen teht\u00e4v\u00e4ksi j\u00e4i varsinaisen museon perustaminen (1, 3-4).<\/p>\n<h3 class=\"MsoListParagraphCxSpMiddle\" style=\"margin-left: 0cm;\"><em>Ty\u00f6v\u00e4enperinnelaitokset:<\/em><\/h3>\n<h3 class=\"MsoListParagraphCxSpMiddle\" style=\"margin-left: 0cm;\"><a title=\"Kansan Arkisto\" href=\"https:\/\/www.kansanarkisto.fi\/\" target=\"_blank\" rel=\"noopener noreferrer\">Kansan Arkisto<\/a><\/h3>\n<p class=\"MsoListParagraphCxSpMiddle\" style=\"margin-left: 0cm;\">Kansan Arkisto on Yhteiskunnallisen Arkistos\u00e4\u00e4ti\u00f6n yll\u00e4pit\u00e4m\u00e4 vasemmistolaiseen ty\u00f6v\u00e4enliikkeen ja kansalaisj\u00e4rjest\u00f6jen keskusarkisto ja se perustettiin vuonna 1957 (1, 9).<\/p>\n<h3 class=\"MsoListParagraphCxSpMiddle\" style=\"margin-left: 0cm;\"><a title=\"Ty\u00f6v\u00e4en Arkisto\" href=\"https:\/\/www.tyark.fi\/\" target=\"_blank\" rel=\"noopener noreferrer\">Ty\u00f6v\u00e4en Arkisto<\/a><\/h3>\n<p class=\"MsoListParagraphCxSpMiddle\" style=\"margin-left: 0cm;\">Ty\u00f6v\u00e4en Arkisto on perustettu vuonna 1909, ja se on ker\u00e4nnyt ja j\u00e4rjest\u00e4nyt Suomen ja kansainv\u00e4lisen ty\u00f6v\u00e4enliikkeen arkisto- ja perinneaineistoa. Sen kokoelmat sis\u00e4lt\u00e4v\u00e4t alkuper\u00e4isi\u00e4 asiakirjoja Suomen poliittisen ja ammatillisen ty\u00f6v\u00e4enliikkeen j\u00e4rjest\u00e4ytymisen historiasta (1, 6-7).<\/p>\n<h3 style=\"margin-left: 0cm;\">Ammattiyhdistysarkisto<\/h3>\n<p style=\"margin-left: 0cm;\">Ammattiyhdistysarkisto perustettiin vuonna 1976 SAK:laisen ammattiyhdistysliikkeen keskusarkistoksi. Sen teht\u00e4v\u00e4n\u00e4 oli edist\u00e4\u00e4 ammattiyhdistysliikett\u00e4 koskevaa historiallista ja yhteiskuntatieteellist\u00e4 tutkimusta. Se yhdistettiin osaksi Ty\u00f6v\u00e4en Arkistoa vuoden 2009 aikana (1, 12-13).<\/p>\n<h3 class=\"MsoListParagraphCxSpMiddle\" style=\"margin-left: 0cm;\"><a title=\"Ty\u00f6v\u00e4en historian ja perinten tutkimuksen seura\" href=\"https:\/\/www.pageflakes.com\/thpts\" target=\"_blank\" rel=\"noopener noreferrer\">Ty\u00f6v\u00e4en historian ja perinteen tutkimuksen seura THPTS<\/a><\/h3>\n<p class=\"MsoListParagraphCxSpMiddle\" style=\"margin-left: 0cm;\">Seura perustettiin Tampereella 1984. Se on alan tutkijoiden ja harrastajien poliittisesti sitoutumaton yhdysside j\u00e4rjest\u00e4en seminaareja ja pyrkien tukemaan j\u00e4sentens\u00e4 tutkimusty\u00f6t\u00e4 sek\u00e4 edist\u00e4m\u00e4\u00e4n alan kansainv\u00e4list\u00e4 yhteistoimintaa (1, 15).<\/p>\n<p class=\"MsoListParagraphCxSpMiddle\" style=\"margin-left: 0cm;\"><a href=\"https:\/\/www.thpts.fi\/julkaisut\/muut-julkaisut\/\">THPTS verkkokirjat<\/a><\/p>\n<p class=\"MsoListParagraphCxSpMiddle\" style=\"margin-left: 0cm;\"><a href=\"https:\/\/helda.helsinki.fi\/handle\/10138\/166710\">THPTS julkaisut Ty\u00f6v\u00e4enliikkeen kirjaston sivustolla Helda-julkaisuarkistossa<\/a><\/p>\n<p class=\"MsoListParagraphCxSpMiddle\" style=\"margin-left: 0cm;\">Seuran sivustolta l\u00f6yd\u00e4t tietoja mm. kes\u00e4seminaareista<\/p>\n<p class=\"MsoListParagraphCxSpMiddle\" style=\"margin-left: 0cm;\"><a title=\"Permalink to THPTS-kes\u00e4seminaari 2017 \u2013 Sis\u00e4llissodan j\u00e4ljet\" href=\"https:\/\/www.thpts.fi\/2017\/02\/03\/thpts-kesaseminaari-2017-sisallissodan-jaljet\/\" rel=\"bookmark\">THPTS-kes\u00e4seminaari 2017 \u2013 Sis\u00e4llissodan j\u00e4ljet<\/a><\/p>\n<h3 class=\"MsoListParagraphCxSpMiddle\" style=\"margin-left: 0cm;\"><a title=\"Ty\u00f6v\u00e4enmuseo Werstas\" href=\"https:\/\/www.tyovaenmuseo.fi\/?q=tietoa_werstaasta\/tyovaen_museoyhdistys_ry\" target=\"_blank\" rel=\"noopener noreferrer\">Ty\u00f6v\u00e4enmuseo Werstas<\/a><\/h3>\n<p class=\"MsoListParagraphCxSpMiddle\" style=\"margin-left: 0cm;\">Museon teht\u00e4v\u00e4n\u00e4 on ty\u00f6v\u00e4en perinteen ja ty\u00f6n historian esineellisen sek\u00e4 henkisen aineiston keruu, tallentaminen, tutkiminen ja n\u00e4ytteille asettaminen. Se toimiin Ty\u00f6v\u00e4en keskusmuseoyhdistys r.y.:n alaisuudessa (1, 14).<\/p>\n<h3 class=\"MsoListParagraphCxSpMiddle\" style=\"margin-left: 0cm;\"><a title=\"Ty\u00f6v\u00e4en Muistitietotoimikunta\" href=\"https:\/\/www.tyark.fi\/muikkari.html\" target=\"_blank\" rel=\"noopener noreferrer\">Ty\u00f6v\u00e4en Muistitietotoimikunta<\/a><\/h3>\n<p>&nbsp;<\/p>\n<div id=\"attachment_486\" style=\"width: 310px\" class=\"wp-caption aligncenter\"><a href=\"https:\/\/www.tyovaenperinne.fi\/tyovaki\/wp-content\/uploads\/2015\/11\/Suomen-ty\u00f6v\u00e4en-henkinen-perinne-julkaisusarjan-toimituskunta.-Vasemmalla-Matti-Nieminen-Heimo-Huhtanen-ja-Matti-Hako.jpg\"><img aria-describedby=\"caption-attachment-486\" decoding=\"async\" loading=\"lazy\" class=\"wp-image-486 size-medium\" src=\"https:\/\/www.tyovaenperinne.fi\/tyovaki\/wp-content\/uploads\/2015\/11\/Suomen-ty\u00f6v\u00e4en-henkinen-perinne-julkaisusarjan-toimituskunta.-Vasemmalla-Matti-Nieminen-Heimo-Huhtanen-ja-Matti-Hako-300x218.jpg\" alt=\"Suomen ty\u00f6v\u00e4en henkinen perinne -julkaisusarjan toimituskunta. Vasemmalla Matti Nieminen, Heimo Huhtanen ja Matti Hako\" width=\"300\" height=\"218\" srcset=\"https:\/\/www.tyovaenperinne.fi\/tyovaki\/wp-content\/uploads\/2015\/11\/Suomen-ty\u00f6v\u00e4en-henkinen-perinne-julkaisusarjan-toimituskunta.-Vasemmalla-Matti-Nieminen-Heimo-Huhtanen-ja-Matti-Hako-300x218.jpg 300w, https:\/\/www.tyovaenperinne.fi\/tyovaki\/wp-content\/uploads\/2015\/11\/Suomen-ty\u00f6v\u00e4en-henkinen-perinne-julkaisusarjan-toimituskunta.-Vasemmalla-Matti-Nieminen-Heimo-Huhtanen-ja-Matti-Hako.jpg 448w\" sizes=\"(max-width: 300px) 100vw, 300px\" \/><\/a><p id=\"caption-attachment-486\" class=\"wp-caption-text\">Suomen ty\u00f6v\u00e4en henkinen perinne -julkaisusarjan toimituskunta. Vasemmalla Matti Nieminen, Heimo Huhtanen ja Matti Hako<\/p><\/div>\n<p class=\"MsoListParagraphCxSpMiddle\" style=\"margin-left: 0cm; text-align: center;\"><a href=\"https:\/\/www.flickr.com\/photos\/tyovaki\/sets\/72157625990741198\/\">Kuvia Ty\u00f6v\u00e4en Muistitietotoimikunnan alkuajoilta<\/a><\/p>\n<p class=\"MsoListParagraphCxSpMiddle\" style=\"margin-left: 0cm;\">Ty\u00f6v\u00e4en Muistitietotoimikunnan 2) perustivat nuoret kansatieteilij\u00e4t ja sosiologit vuonna 1960 ker\u00e4\u00e4m\u00e4\u00e4n ja tallentamaan muistitietoa ty\u00f6v\u00e4en kulttuurista ja henkisest\u00e4 perinteest\u00e4. Toimikunta oli aikoinaan Ty\u00f6v\u00e4en Sivistysliiton alainen, kunnes se vuonna 1976 siirrettiin Ty\u00f6v\u00e4en Arkiston toimintayhteyteen. Perustajina oli tutkijoita, ty\u00f6v\u00e4en toimihenkil\u00f6it\u00e4, ty\u00f6nantajien edustajia ja pankinjohtaja, sosiologi <a title=\"Mauno Koivisto\" href=\"https:\/\/fi.wikipedia.org\/wiki\/Mauno_Koivisto\" target=\"_blank\" rel=\"noopener noreferrer\">Mauno Koivisto<\/a>.<\/p>\n<p class=\"MsoListParagraphCxSpMiddle\" style=\"margin-left: 0cm;\">Arkisto on kertoma- ja muistitiedon tallentamo. Se ker\u00e4\u00e4 haastattelutietoa, j\u00e4rjest\u00e4\u00e4 saapuneita kirjoituksia ja j\u00e4rjest\u00e4\u00e4 teema-aiheisia muistitietokeruita, joita vuoteen 2010 menness\u00e4 on teemoittain vuosien 1905 &#8211; yleislakon 1956 v\u00e4lisist\u00e4 tapahtumista ja juhlavuoden 2010 keruuj\u00e4rjestyksess\u00e4 28. loma-aiheinen &#8221;Unohtumaton loma&#8221; -yleis\u00f6keruu.Suurin yksitt\u00e4inen aihekokoelma on Suomen sis\u00e4llissodan punaisen puolen vuosien 1917 &#8211; 1918 muistot. Kokoelmista on toimitettu 7 muistitietoantologiaa.<\/p>\n<p class=\"MsoListParagraphCxSpMiddle\" style=\"margin-left: 0cm;\">Toimikunnan kokoelmat palvelevat muistitiedon kysyji\u00e4. Muistelmat ovat koottu kertojakohtaisesti muistitietosidoksiksi ja kustakin ker\u00e4elm\u00e4st\u00e4 on olemassa sis\u00e4ll\u00f6nkuvaus, so. sis\u00e4llysluettelot on luettavissa Ty\u00f6v\u00e4en Arkiston sis\u00e4isess\u00e4 verkossa. Toimikunnan kokoelmiin on 50 vuoden ajalta j\u00e4rjestetty muistitietoa noin 8 600:lta kertojalta, yhteens\u00e4 386 muistitietosidosta ja noin 2 300 \u00e4\u00e4nitett\u00e4.<\/p>\n<p class=\"MsoListParagraphCxSpMiddle\" style=\"margin-left: 0cm;\">Kokoelmat k\u00e4sitt\u00e4v\u00e4t ty\u00f6v\u00e4en kokous-, j\u00e4rjest\u00f6- ja tapahtumakuvauksia eri paikkakunnilta, elinpiireist\u00e4 1800-luvun lopulta alkaen, el\u00e4m\u00e4kerta- ja p\u00e4iv\u00e4kirjakirjoituksia sek\u00e4 kulutusyhteiskunnan alkua 1950-luvulta alkaen,kuten &#8221;Kulutus ja arki&#8221;, vuosikurssilaismuistelmat &#8221;Tiedon l\u00e4hteill\u00e4&#8221;, ty\u00f6el\u00e4m\u00e4n &#8221;Muutoksen porteilla&#8221;, kunnanty\u00f6ntekij\u00f6iden &#8221;Me hyvinvoinnin tekij\u00e4t&#8221;, huviel\u00e4m\u00e4n &#8221;El\u00e4m\u00e4n iltamat&#8221; (2002), tai ymp\u00e4rist\u00f6muutoksen &#8221;Ymp\u00e4rist\u00f6n kasvot&#8221; (2003) -yleis\u00f6keruut.<\/p>\n<p class=\"MsoListParagraphCxSpMiddle\" style=\"margin-left: 0cm;\">Toimikunnan ty\u00f6t\u00e4 johtaa 13-j\u00e4seninen toimikunta, jonka puheenjohtajana on kanslianeuvos <a title=\"Risto Laakkonen\" href=\"https:\/\/www.kansanuutiset.fi\/uutiset\/kotimaa\/1990126\/risto-laakkonen-uskoo-suomen-sopeutuvan-muuttajiin\" target=\"_blank\" rel=\"noopener noreferrer\">Risto Laakkonen<\/a>. Toimikunnan virkailijana ja sihteerin\u00e4 Muistitiedosta palvelee fil.lis. <em><span style=\"color: #800080;\">Risto Reuna<\/span><\/em>. Toimikunnan kokoelmat ovat tutkijoiden k\u00e4yt\u00f6ss\u00e4 Ty\u00f6v\u00e4en Arkiston tiloissa\u00a0 osoitteessa S\u00f6rn\u00e4isten rantatie 25, 00500 Helsinki, puh. 09-7743 1170.<\/p>\n<p class=\"MsoListParagraphCxSpMiddle\" style=\"margin-left: 0cm;\">L\u00c4HTEET:<\/p>\n<p class=\"MsoListParagraphCxSpLast\" style=\"margin-left: 18pt;\">1)Ty\u00f6v\u00e4en perinnelaitokset, toim. Tuomas Harpf ja Marjaliisa Hentil\u00e4. Helsinki. Ty\u00f6v\u00e4enperinne &#8211; Arbetartradition ry., 1989.<\/p>\n<p class=\"MsoListParagraphCxSpLast\" style=\"margin-left: 18pt;\">2) Reuna, Risto. Ty\u00f6v\u00e4en Muistitietotomikunta, 2011.<\/p>\n","protected":false},"excerpt":{"rendered":"<p class=\"excerpt\">\u00a0 Ty\u00f6v\u00e4enperinnelaitokset ovat t\u00e4rkeit\u00e4 siksi, ett\u00e4 ty\u00f6v\u00e4en perinne on olennainen osa suomalaista kulttuuriperint\u00f6\u00e4. Ty\u00f6n historian tuntemus on v\u00e4ltt\u00e4m\u00e4t\u00f6nt\u00e4 nykyisen dynaamisen yhteiskunnan ymm\u00e4rt\u00e4miseksi (1, 14). Laitosten otsikot toimivat linkkein\u00e4 niiden sivuille. Ty\u00f6v\u00e4en organisaatiot ovat perustaneet verkkosivuston www.tyovaenliike.fi, jonka tarkoituksenaon koota yhteen ty\u00f6v\u00e4enliikkeen ohjelmaa juhlavuosille 2017 ja 2018. Verkkosivustolla on mm. kalenteri, johon tulee ilmoituksia juhlavuoden tapahtumista. Taustaa Vuonna 1975 voimaan astunut &#8230; <a title=\"SUOMALAISIA TY\u00d6V\u00c4ENPERINNELAITOKSIA\" class=\"read-more\" href=\"https:\/\/www.tyovaenperinne.fi\/tyovaki\/muut-tyovaenperinnelaitokset-suomessa\/\">Read more<\/a><\/p>\n<p class=\"more-link-p\"><a class=\"btn btn-default\" href=\"https:\/\/www.tyovaenperinne.fi\/tyovaki\/muut-tyovaenperinnelaitokset-suomessa\/\">Read more<\/a><\/p>\n","protected":false},"author":1,"featured_media":0,"parent":0,"menu_order":6,"comment_status":"closed","ping_status":"closed","template":"","meta":[],"_links":{"self":[{"href":"https:\/\/www.tyovaenperinne.fi\/tyovaki\/wp-json\/wp\/v2\/pages\/13"}],"collection":[{"href":"https:\/\/www.tyovaenperinne.fi\/tyovaki\/wp-json\/wp\/v2\/pages"}],"about":[{"href":"https:\/\/www.tyovaenperinne.fi\/tyovaki\/wp-json\/wp\/v2\/types\/page"}],"author":[{"embeddable":true,"href":"https:\/\/www.tyovaenperinne.fi\/tyovaki\/wp-json\/wp\/v2\/users\/1"}],"replies":[{"embeddable":true,"href":"https:\/\/www.tyovaenperinne.fi\/tyovaki\/wp-json\/wp\/v2\/comments?post=13"}],"version-history":[{"count":25,"href":"https:\/\/www.tyovaenperinne.fi\/tyovaki\/wp-json\/wp\/v2\/pages\/13\/revisions"}],"predecessor-version":[{"id":920,"href":"https:\/\/www.tyovaenperinne.fi\/tyovaki\/wp-json\/wp\/v2\/pages\/13\/revisions\/920"}],"wp:attachment":[{"href":"https:\/\/www.tyovaenperinne.fi\/tyovaki\/wp-json\/wp\/v2\/media?parent=13"}],"curies":[{"name":"wp","href":"https:\/\/api.w.org\/{rel}","templated":true}]}}