{"id":30,"date":"2011-01-07T12:06:33","date_gmt":"2011-01-07T10:06:33","guid":{"rendered":"http:\/\/tyovaki2011.nettisivu.org\/?page_id=30"},"modified":"2019-04-17T14:20:42","modified_gmt":"2019-04-17T12:20:42","slug":"julkaisutoiminta","status":"publish","type":"page","link":"https:\/\/www.tyovaenperinne.fi\/tyovaki\/julkaisutoiminta\/","title":{"rendered":"Painetut kokoelmaluettelot"},"content":{"rendered":"<p>T\u00e4rkeist\u00e4 kokoelmien osista Ty\u00f6v\u00e4enperinne &#8211; Arbetartradition ry on julkaissut painettuja kokoelmaluettoita.<\/p>\n<p>N\u00e4it\u00e4 luetteloita ovat Ameriikka-, Espanja 1936 &#8211; 1939-, Internationaalit- ja Osuustoiminta-kokoelmaluettelot. N\u00e4ill\u00e4 sivuilla kerrotaan n\u00e4iden luetteloiden sis\u00e4ll\u00f6st\u00e4.<\/p>\n<p>Tarkoituksena on siirt\u00e4\u00e4 n\u00e4m\u00e4 kokoelman osat <a title=\"Helka-tietokanta\" href=\"https:\/\/helka.linneanet.fi\/cgi-bin\/Pwebrecon.cgi?LANGUAGE=Finnish&amp;DB=local&amp;PAGE=First&amp;init=1\" target=\"_blank\" rel=\"noopener noreferrer\">Helka-tietokannassa<\/a> haettaviksi bibliografisiksi tietueiksi.<\/p>\n","protected":false},"excerpt":{"rendered":"<p class=\"excerpt\">T\u00e4rkeist\u00e4 kokoelmien osista Ty\u00f6v\u00e4enperinne &#8211; Arbetartradition ry on julkaissut painettuja kokoelmaluettoita. N\u00e4it\u00e4 luetteloita ovat Ameriikka-, Espanja 1936 &#8211; 1939-, Internationaalit- ja Osuustoiminta-kokoelmaluettelot. N\u00e4ill\u00e4 sivuilla kerrotaan n\u00e4iden luetteloiden sis\u00e4ll\u00f6st\u00e4. Tarkoituksena on siirt\u00e4\u00e4 n\u00e4m\u00e4 kokoelman osat Helka-tietokannassa haettaviksi bibliografisiksi tietueiksi.<\/p>\n<p class=\"more-link-p\"><a class=\"btn btn-default\" href=\"https:\/\/www.tyovaenperinne.fi\/tyovaki\/julkaisutoiminta\/\">Read more<\/a><\/p>\n","protected":false},"author":1,"featured_media":0,"parent":0,"menu_order":0,"comment_status":"closed","ping_status":"closed","template":"","meta":[],"_links":{"self":[{"href":"https:\/\/www.tyovaenperinne.fi\/tyovaki\/wp-json\/wp\/v2\/pages\/30"}],"collection":[{"href":"https:\/\/www.tyovaenperinne.fi\/tyovaki\/wp-json\/wp\/v2\/pages"}],"about":[{"href":"https:\/\/www.tyovaenperinne.fi\/tyovaki\/wp-json\/wp\/v2\/types\/page"}],"author":[{"embeddable":true,"href":"https:\/\/www.tyovaenperinne.fi\/tyovaki\/wp-json\/wp\/v2\/users\/1"}],"replies":[{"embeddable":true,"href":"https:\/\/www.tyovaenperinne.fi\/tyovaki\/wp-json\/wp\/v2\/comments?post=30"}],"version-history":[{"count":3,"href":"https:\/\/www.tyovaenperinne.fi\/tyovaki\/wp-json\/wp\/v2\/pages\/30\/revisions"}],"predecessor-version":[{"id":894,"href":"https:\/\/www.tyovaenperinne.fi\/tyovaki\/wp-json\/wp\/v2\/pages\/30\/revisions\/894"}],"wp:attachment":[{"href":"https:\/\/www.tyovaenperinne.fi\/tyovaki\/wp-json\/wp\/v2\/media?parent=30"}],"curies":[{"name":"wp","href":"https:\/\/api.w.org\/{rel}","templated":true}]}}