{"id":31,"date":"2011-01-07T12:42:03","date_gmt":"2011-01-07T10:42:03","guid":{"rendered":"http:\/\/tyovaki2011.nettisivu.org\/?page_id=31"},"modified":"2017-03-08T22:09:48","modified_gmt":"2017-03-08T20:09:48","slug":"ameriikka-kokoelmaluettelo","status":"publish","type":"page","link":"https:\/\/www.tyovaenperinne.fi\/tyovaki\/julkaisutoiminta\/ameriikka-kokoelmaluettelo\/","title":{"rendered":"AMERIIKKA-kokoelmaluettelo"},"content":{"rendered":"<div id=\"attachment_62\" style=\"width: 458px\" class=\"wp-caption aligncenter\"><img aria-describedby=\"caption-attachment-62\" decoding=\"async\" loading=\"lazy\" class=\" wp-image-62 \" src=\"https:\/\/farm6.staticflickr.com\/5134\/5413090609_089686ff53_o_d.jpg\" alt=\"\" width=\"448\" height=\"264\" \/><p id=\"caption-attachment-62\" class=\"wp-caption-text\">Iso kuva Smithville, Minnesota Ty\u00f6v\u00e4en-opisto. Pieni kuva Fitchburgin suomalaisten asuinalueesta. Yhdysvallat 1910. Kuvat: Ty\u00f6v\u00e4en Arkisto.<\/p><\/div>\n<p style=\"text-align: center;\">\u00a0<a href=\"https:\/\/www.flickr.com\/photos\/tyovaki\/sets\/72157625843286737\/\">Kuvia amerikansuomalaisista<\/a><\/p>\n<p style=\"text-align: center;\">&#8212;<\/p>\n<p style=\"padding-left: 60px;\">Vuonna 1991 Ty\u00f6v\u00e4enperinne ry julkaisi Ty\u00f6v\u00e4enliikkeen kirjastossa olevasta Ameerikka-kokoelmasta painetun luettelon.<\/p>\n<p style=\"padding-left: 60px;\"><a href=\"https:\/\/hdl.handle.net\/10138\/153372\">Ameriikka-kokoelmaluettelo<\/a><\/p>\n<p style=\"padding-left: 60px;\">PDF-dokumentista voi hakea painamalla CTRL + F, jolloin aukeaa valikko, johon voi lis\u00e4t\u00e4 hakusanan.<\/p>\n<p style=\"padding-left: 30px; text-align: center;\">&#8212;<\/p>\n<p><a title=\"Amerikansuomalaiset\" href=\"https:\/\/fi.wikipedia.org\/wiki\/Amerikansuomalaiset\" target=\"_blank\">Amerikansuomalaisia<\/a> [1-6] ovat ne yhdysvaltalaiset, joilla on suomalaiset sukujuuret. 1860-luvulta alkanut ja 1900-luvun puoleenv\u00e4liin kest\u00e4neen suuren muuttoliikkeen aikana l\u00e4hti varsinkin Pohjanmaalta runsaasti ihmisi\u00e4 &#8221;Amerikkaan&#8221; etsim\u00e4\u00e4n onneaan. 1800-luvun lopun syit\u00e4 Amerikkaan l\u00e4ht\u00f6\u00f6n olivat ty\u00f6tt\u00f6myys, sosiaaliset ongelmat ja seikkailuhenki. Yhdysvaltojen ty\u00f6markkinat olivat huomattavasti paremmat kuin Suomessa. Yleinen ajattelutapa oli, ett\u00e4 olot siell\u00e4 olisivat vapaammat kuin kotimaassa. Vuosina 1870 &#8211; 1929 l\u00e4hti Suomesta noin 389 000 siirtolaista &#8221;leve\u00e4mm\u00e4n leiv\u00e4n per\u00e4\u00e4n&#8221;. Heist\u00e4 52 prosenttia l\u00e4hti Vaasan l\u00e4\u00e4nist\u00e4 ja noin kolmannes Etel\u00e4-Pohjanmaalta.<\/p>\n<p>Ty\u00f6v\u00e4enliikkeen kirjastossa on arvokas Ameriikka-kokoelma, jossa on yhdysvalloissa julkaistuja amerikansuomalaisten kirjoittamia teoksia 1900-luvun alkupuolelta. Teoksissa k\u00e4sitell\u00e4\u00e4n p\u00e4\u00e4s\u00e4\u00e4nt\u00f6isesti ty\u00f6v\u00e4est\u00f6n silloisia oloja ja niiden ajatusmaailma on ty\u00f6v\u00e4enhenkinen.<\/p>\n<p><em><strong>AMERIIKKA<\/strong><\/em> : amerikansuomalaista kirjallisuutta Ty\u00f6v\u00e4enliikkeen kirjaston kokoelmissa \/ Ty\u00f6v\u00e4enperinne &#8211; Arbetartradition, Helsinki 1991.<\/p>\n<p style=\"text-align: center;\"><a href=\"https:\/\/www.tyovaenperinne.fi\/tyovaki\/wp-content\/uploads\/2014\/05\/pakattu-ameriikka-kuva.jpg\"><img decoding=\"async\" loading=\"lazy\" class=\"aligncenter wp-image-286\" src=\"https:\/\/www.tyovaenperinne.fi\/tyovaki\/wp-content\/uploads\/2014\/05\/pakattu-ameriikka-kuva.jpg\" alt=\"\" width=\"243\" height=\"362\" srcset=\"https:\/\/www.tyovaenperinne.fi\/tyovaki\/wp-content\/uploads\/2014\/05\/pakattu-ameriikka-kuva.jpg 301w, https:\/\/www.tyovaenperinne.fi\/tyovaki\/wp-content\/uploads\/2014\/05\/pakattu-ameriikka-kuva-201x300.jpg 201w\" sizes=\"(max-width: 243px) 100vw, 243px\" \/><\/a><\/p>\n<ul>\n<li>Ty\u00f6v\u00e4enliikkeen kirjaston amerikansuomalainen kokoelma sis\u00e4lt\u00e4\u00e4 Pohjois-Amerikassa julkaistua suomenkielist\u00e4 kirjallisuutta. Kokoelmassa on 328 nimekett\u00e4, joista aikakauslehti\u00e4 on 32 nimekett\u00e4. Kirjallisuus koostuu suurelta osin ty\u00f6v\u00e4enliikett\u00e4, sen historiaa, teoriaa ja j\u00e4rjest\u00f6j\u00e4 k\u00e4sittelevist\u00e4 julkaisuista. Valintaperiaatteena ei kuitenkaan ole ollut valintaa rajaava aihepiiri, vaan kokoelmaan on otettu kaikki Ty\u00f6v\u00e4enliikkeen kirjaston vanhasta kokoelmasta l\u00f6ytynyt Amerikassa julkaistu suomalaisten kustantama aineisto. Valtaosa kirjallisuudesta ja lehdist\u00e4 on julkaistu vuosisadan alussa, 1910- ja 1920-luvuilla. Mukana on my\u00f6s jonkun verran uudempaa ja 1930- ja 1950-luvuilla julkaistua aineistoa.<\/li>\n<li>julkaisuluettelo on painettu Alfred Kordelinin s\u00e4\u00e4ti\u00f6n tuella<\/li>\n<\/ul>\n<p>Ty\u00f6v\u00e4enliikkeen kirjaston AMER-kokoelma on luokiteltu omiksi luokikseen, joita ovat:<\/p>\n<p style=\"padding-left: 30px;\"><span style=\"color: #800080;\">AMER 1 : SOSIALISMI JA TY\u00d6V\u00c4ENLIIKE<\/span><\/p>\n<p style=\"padding-left: 30px;\"><span style=\"color: #800080;\">AMER 2 : PUOLUEET JA J\u00c4RJEST\u00d6T<\/span><\/p>\n<p style=\"padding-left: 30px;\"><span style=\"color: #800080;\">AMER 3 : VALLANKUMOUKSET<\/span><\/p>\n<p style=\"padding-left: 30px;\"><span style=\"color: #800080;\">AMER 4 : SIIRTOLAISUUS<\/span><\/p>\n<p style=\"padding-left: 30px;\"><span style=\"color: #800080;\">AMER 5 : TALOUSTIEDE<\/span><\/p>\n<p style=\"padding-left: 30px;\"><span style=\"color: #800080;\">AMER 6 : USKONTO, ATEISMI<\/span><\/p>\n<p style=\"padding-left: 30px;\"><span style=\"color: #800080;\">AMER 7 : KAUNOKIRJALLISUUS<\/span><\/p>\n<p style=\"padding-left: 30px;\"><span style=\"color: #800080;\">AMER 8 : OPPIKIRJAT, LASTENKIRJAT<\/span><\/p>\n<p style=\"padding-left: 30px;\"><span style=\"color: #800080;\">AMER 9 : KALENTERIT, ALBUMIT, VUOSIKIRJAT<\/span><\/p>\n<p style=\"padding-left: 30px;\"><span style=\"color: #800080;\">AMER 10 : AIKAKAUSLEHDET<\/span><\/p>\n<p>Ameriikka-kokoelma on j\u00e4rjestty my\u00f6s Helka-tietokantaan bibliografiaksi ja sen saa esiin <a href=\"https:\/\/helka.finna.fi\/\">Helka-haun<\/a> tarkennetulla haulla <span style=\"color: #800080;\">tvasen, AMERIIKKA <\/span>(+katkaisumerkki), operaattorina k\u00e4ytet\u00e4\u00e4n AND:ia.<\/p>\n<p>AMER-kokoelman jokaisen luokan saa erikseen Helka-perushaun sijaintihaulla, lausekkeella <span style=\"color: #800080;\">TYL Kirjasto AMER 1? ; TYL Kirjasto AMER 2? ; TYL Kirjasto AMER 3? jne&#8230;<\/span> (?=katkaisumerkki, koska luokan j\u00e4lkeen tulee mu\u00f6s muita sijaintitietoja)<\/p>\n<p>LINKKEJ\u00c4 JA L\u00c4HTEIT\u00c4:<\/p>\n<p style=\"padding-left: 30px;\">1) <a title=\"Wikipedia amerikansuomalaiset\" href=\"https:\/\/fi.wikipedia.org\/wiki\/Amerikansuomalaiset\" target=\"_blank\">Wikipedia amerikansuomalaiset<\/a>. Wikipedia.org. Viitattu 7.1.2011.<\/p>\n<p style=\"padding-left: 30px;\">2) <a title=\"Ylen amerikansuomalaiset\" href=\"https:\/\/yle.fi\/elavaarkisto\/?s=h&amp;n=amerikansuomalaiset\" target=\"_blank\">Amerikansuomalaiset<\/a>. Yle.fi. Viitattu 7.1.2011.<\/p>\n<p style=\"padding-left: 30px;\">3) <a title=\"Kansalliskirjaston Amerikansuomalainen kokoelma\" href=\"https:\/\/www.kansalliskirjasto.fi\/kokoelmatjapalvelut\/kokoelmat\/amerikansuomalainenkokoelma.html\" target=\"_blank\">Amerikansuomalainen kokoelma<\/a>. Kansalliskirjasto.fi. Viitattu 7.1.2011.<\/p>\n<p style=\"padding-left: 30px;\">4) <a title=\"Amerikan-suomalaiset lehdet\" href=\"https:\/\/www.finland.org\/public\/default.aspx?nodeid=40998&amp;contentlan=1&amp;culture=fi-fi\" target=\"_blank\">Amerikan-suomalaiset lehdet<\/a><span style=\"color: #000000;\"> . Finland.org. <\/span>Viitattu 7.1.2011.<\/p>\n<p style=\"padding-left: 30px;\">5) <a title=\"Siirtolaisuusinstituutti\" href=\"https:\/\/www.migrationinstitute.fi\/\" target=\"_blank\">Siirtolaisuusinstituutti<\/a>. Migrationinstitute.fi. Viitattu 7.1.2011.<\/p>\n<p style=\"padding-left: 30px;\">6) <a title=\"Suomen Sukuturkimusseura\" href=\"https:\/\/www.genealogia.fi\/\" target=\"_blank\">Suomen Sukututkimusseura<\/a>. Genealogia.fi. Viitattu 7.1.2011.<\/p>\n<p style=\"padding-left: 30px;\">&#8212;&#8212;&#8212;<\/p>\n<p>&nbsp;<\/p>\n","protected":false},"excerpt":{"rendered":"<p class=\"excerpt\">\u00a0Kuvia amerikansuomalaisista &#8212; Vuonna 1991 Ty\u00f6v\u00e4enperinne ry julkaisi Ty\u00f6v\u00e4enliikkeen kirjastossa olevasta Ameerikka-kokoelmasta painetun luettelon. Ameriikka-kokoelmaluettelo PDF-dokumentista voi hakea painamalla CTRL + F, jolloin aukeaa valikko, johon voi lis\u00e4t\u00e4 hakusanan. &#8212; Amerikansuomalaisia [1-6] ovat ne yhdysvaltalaiset, joilla on suomalaiset sukujuuret. 1860-luvulta alkanut ja 1900-luvun puoleenv\u00e4liin kest\u00e4neen suuren muuttoliikkeen aikana l\u00e4hti varsinkin Pohjanmaalta runsaasti ihmisi\u00e4 &#8221;Amerikkaan&#8221; etsim\u00e4\u00e4n onneaan. 1800-luvun lopun syit\u00e4 Amerikkaan &#8230; <a title=\"AMERIIKKA-kokoelmaluettelo\" class=\"read-more\" href=\"https:\/\/www.tyovaenperinne.fi\/tyovaki\/julkaisutoiminta\/ameriikka-kokoelmaluettelo\/\">Read more<\/a><\/p>\n<p class=\"more-link-p\"><a class=\"btn btn-default\" href=\"https:\/\/www.tyovaenperinne.fi\/tyovaki\/julkaisutoiminta\/ameriikka-kokoelmaluettelo\/\">Read more<\/a><\/p>\n","protected":false},"author":1,"featured_media":0,"parent":30,"menu_order":0,"comment_status":"closed","ping_status":"closed","template":"","meta":[],"_links":{"self":[{"href":"https:\/\/www.tyovaenperinne.fi\/tyovaki\/wp-json\/wp\/v2\/pages\/31"}],"collection":[{"href":"https:\/\/www.tyovaenperinne.fi\/tyovaki\/wp-json\/wp\/v2\/pages"}],"about":[{"href":"https:\/\/www.tyovaenperinne.fi\/tyovaki\/wp-json\/wp\/v2\/types\/page"}],"author":[{"embeddable":true,"href":"https:\/\/www.tyovaenperinne.fi\/tyovaki\/wp-json\/wp\/v2\/users\/1"}],"replies":[{"embeddable":true,"href":"https:\/\/www.tyovaenperinne.fi\/tyovaki\/wp-json\/wp\/v2\/comments?post=31"}],"version-history":[{"count":13,"href":"https:\/\/www.tyovaenperinne.fi\/tyovaki\/wp-json\/wp\/v2\/pages\/31\/revisions"}],"predecessor-version":[{"id":946,"href":"https:\/\/www.tyovaenperinne.fi\/tyovaki\/wp-json\/wp\/v2\/pages\/31\/revisions\/946"}],"up":[{"embeddable":true,"href":"https:\/\/www.tyovaenperinne.fi\/tyovaki\/wp-json\/wp\/v2\/pages\/30"}],"wp:attachment":[{"href":"https:\/\/www.tyovaenperinne.fi\/tyovaki\/wp-json\/wp\/v2\/media?parent=31"}],"curies":[{"name":"wp","href":"https:\/\/api.w.org\/{rel}","templated":true}]}}