{"id":41,"date":"2011-01-11T16:51:59","date_gmt":"2011-01-11T14:51:59","guid":{"rendered":"http:\/\/tyovaki2011.nettisivu.org\/?page_id=41"},"modified":"2017-03-08T22:18:21","modified_gmt":"2017-03-08T20:18:21","slug":"puolueaineisto","status":"publish","type":"page","link":"https:\/\/www.tyovaenperinne.fi\/tyovaki\/tyovaenliikkeen-kirjasto\/puolueaineisto\/","title":{"rendered":"Puolueaineisto"},"content":{"rendered":"<p>Kokoelman keskeist\u00e4 osaa ovat sek\u00e4 <a title=\"SDP Suomi\" href=\"https:\/\/www.sdp.fi\/\" target=\"_blank\">Suomen Sosialidemokraattisen Puolue rp<\/a>:n 1)\u00a0 ett\u00e4 <a title=\"Vasemmisto\" href=\"https:\/\/www.vasemmisto.fi\/\" target=\"_blank\">Vasemmistoliito rp<\/a>:n 2) aineistot. Mukana ovat my\u00f6s n\u00e4iden alaj\u00e4rjest\u00f6jen, kuten lapsi- , nuoriso- ja naisj\u00e4rjest\u00f6jen aineistot. Kirjastossa on jonkin verran my\u00f6s muiden puolueiden aineistoa. Uusimmat puolueaineistot l\u00f6ytyv\u00e4t puolueiden kotisivuilta, politiikka-v\u00e4lilehdelt\u00e4.<\/p>\n<p>Puolueainston ja ammattiyhdistysaineiston luokituskaavat Ty\u00f6v\u00e4enliikkeen kirjastossa. Haut l\u00f6ytyv\u00e4t <a href=\"https:\/\/helka.finna.fi\/\">Helka-tietokannan<\/a> perushausta sijaintihaulla. Luokan j\u00e4lkeen on muistettava kysymysmerkki katkaisumerkkin\u00e4, jolloin saa aineiston n\u00e4kyviin.<\/p>\n<p>Esimerkiksi <span style=\"color: #800080;\">TYL Kirjasto 329.11?<\/span>:<\/p>\n<p>Puolueaineiston luokituskaava:<\/p>\n<p><span style=\"color: #800080;\">329 poliittiset puolueet<\/span><\/p>\n<p style=\"padding-left: 90px;\"><span style=\"color: #800080;\">329.11\/.13 porvarilliset puolueet<\/span><\/p>\n<p style=\"padding-left: 90px;\"><span style=\"color: #800080;\">&#8211; t\u00e4h\u00e4n 329.11\/.13 KOK, 329.11\/.13 RKP,\u00a0 329.11\/.13 Keskustapuolue<\/span><\/p>\n<p style=\"padding-left: 90px;\"><span style=\"color: #800080;\">329.14\/.15 ty\u00f6v\u00e4enpuolueet, poliittinen ty\u00f6v\u00e4enliike<\/span><\/p>\n<p style=\"padding-left: 90px;\"><span style=\"color: #800080;\">&#8211; t\u00e4h\u00e4n my\u00f6s ty\u00f6v\u00e4enliike yleens\u00e4<\/span><\/p>\n<p style=\"padding-left: 90px;\"><span style=\"color: #800080;\">329.14 sosiaalidemokraattiset puoluee, sosialistiset puolueet<\/span><\/p>\n<p style=\"padding-left: 90px;\"><span style=\"color: #000000;\">&#8211; esimerkiksi: <\/span><\/p>\n<p style=\"padding-left: 90px;\"><span style=\"color: #800080;\">329.14 (480) SDP (Suomi) tai 329.14 SDP<br \/>\n<\/span><\/p>\n<p style=\"padding-left: 90px;\"><span style=\"color: #800080;\">329.14 (430.1) SDP (Saksan sosiaalidemokraattinen puolue)<br \/>\n<\/span><\/p>\n<p style=\"padding-left: 90px;\"><span style=\"color: #800080;\">329.14 (480) HTY (Helsingin Ty\u00f6v\u00e4enyhdistys ry.) tai 329.14 HTY<br \/>\n<\/span><\/p>\n<p style=\"padding-left: 90px;\"><span style=\"color: #800080;\">329.15 kommunistiset puolueet<\/span><\/p>\n<p style=\"padding-left: 90px;\"><span style=\"color: #000000;\">&#8211; esimerkiksi:<\/span><\/p>\n<p style=\"padding-left: 90px;\"><span style=\"color: #800080;\">329.15 (480) SKP tai 329.15 SKP<br \/>\n<\/span><\/p>\n<p style=\"padding-left: 90px;\"><span style=\"color: #800080;\">329.15 (480) SKP(Y) tai 329.15 SKP(Y)<br \/>\n<\/span><\/p>\n<p style=\"padding-left: 90px;\"><span style=\"color: #800080;\">329.15 (480) VAS (Vasemmistoliitto) tai 329.15 VAS<br \/>\n<\/span><\/p>\n<p style=\"padding-left: 90px;\"><span style=\"color: #800080;\">329.15 (47) NKP (Neuvostoliiton kommunistinen puolue)<\/span><\/p>\n<p style=\"padding-left: 90px;\"><span style=\"color: #800080;\">329.17 nationalismi, nationalistiset puolueet<\/span><\/p>\n<p style=\"padding-left: 90px;\"><span style=\"color: #800080;\">329.18 fasismi, fasistiset puolueet<\/span><\/p>\n<p style=\"padding-left: 90px;\"><span style=\"color: #800080;\">&#8211; t\u00e4h\u00e4n my\u00f6s fasisminvastainen liike<\/span><\/p>\n<p style=\"padding-left: 30px;\"><span style=\"color: #800080;\">329.3 uskonnolliset ja uskonnonvastaiset puolueet<\/span><\/p>\n<p style=\"padding-left: 30px;\"><span style=\"color: #000000;\">-esimerkiksi:<\/span><\/p>\n<p style=\"padding-left: 30px;\"><span style=\"color: #800080;\">329.3 (480) SKL (Suomen Kristillinen Liitto) tai 329.3 SKL<\/span><\/p>\n<p style=\"padding-left: 30px;\"><span style=\"color: #800080;\">329.3 (480) KD (Suomen Kristillisdemokraatit) tai 329.3 KD<br \/>\n<\/span><\/p>\n<p style=\"padding-left: 30px;\"><span style=\"color: #800080;\">329.4 rotu- ja kielipuoleet<\/span><\/p>\n<p style=\"padding-left: 30px;\"><span style=\"color: #800080;\">329.7 muut ja poliittiset joukkoj\u00e4rjest\u00f6t, kansalaisj\u00e4rjest\u00f6t, (vapaa-ajattelijat, raittiusj\u00e4rjest\u00f6t, rauhanj\u00e4rjest\u00f6t, asaistakirelt\u00e4ytyj\u00e4t omissa luokissaan)<\/span><\/p>\n<p style=\"padding-left: 30px;\"><span style=\"color: #000000;\">-esimerkiksi:<\/span><\/p>\n<p style=\"padding-left: 30px;\"><span style=\"color: #800080;\">329.7 (480) Vihre\u00e4 liitto tai 329.7 Vihre\u00e4 liitto<\/span><\/p>\n<p style=\"padding-left: 30px;\"><span style=\"color: #800080;\">329.7-055.2 (480) tai 329.7-055.2 Naisasialiitto Unioni<\/span><\/p>\n<p style=\"padding-left: 30px;\"><span style=\"color: #800080;\">329.7- 053.9 (480) tai 329.7-053.9 El\u00e4kel\u00e4iset ry.<\/span><\/p>\n<p style=\"padding-left: 30px;\"><span style=\"color: #800080;\">329.7-053.9 (480) tai 329.7-053.9 El\u00e4kkeensaajat ry.<\/span><\/p>\n<p><span style=\"color: #000000;\">Varhaisnuoriso-, nuoriso-, opiskelija- ja naisj\u00e4rjest\u00f6t muodostetaan lis\u00e4luvuilla<\/span><\/p>\n<p style=\"padding-left: 30px;\"><span style=\"color: #800080;\">329.14-055.2 (480) tai 329.14-055.2 = sosiaalidemokraattinen naisj\u00e4rjest\u00f6<\/span><\/p>\n<p style=\"padding-left: 30px;\"><span style=\"color: #800080;\">329.14-053.2 (480) tai 329.14-053.2 = sosiaalidemokraattinen varhaisnuorisoj\u00e4rjest\u00f6<\/span><\/p>\n<p style=\"padding-left: 30px;\"><span style=\"color: #800080;\">329.15-053.6 (480) tai 329.15-053.6 = kommunistinen nuorisoj\u00e4rjest\u00f6<\/span><\/p>\n<p style=\"padding-left: 30px;\"><span style=\"color: #800080;\">329.15-057.87 (480) tai 329-057.87 = kommunistinen opiskelijaj\u00e4rjest\u00f6<\/span><\/p>\n<p style=\"padding-left: 30px;\">&#8211; esimerkiksi:<\/p>\n<p style=\"padding-left: 30px;\"><span style=\"color: #800080;\">329.14-053.6 (480) SNK\u00a0 tai 329.14-053.6 SNK (Sosialidemokraattisen Nuorten Keskusliitto = Demarinuoret)<\/span><\/p>\n<p style=\"padding-left: 30px;\"><span style=\"color: #800080;\">329.14-053.6 (480) SONK tai 329.14-053.6 SONK (Sosialidemokraattiset Opiskelijat SONK ry.)<\/span><\/p>\n<p style=\"padding-left: 30px;\"><span style=\"color: #800080;\">329.14-055.2 (480) tai 329.14-055.2 Sos.dem. Naiset<\/span><\/p>\n<p style=\"padding-left: 30px;\"><span style=\"color: #800080;\">329.15-053.2 (480) SDNL tai 329.15-053.2 SDNL (Suomen Demokratian Pioneerien Liitto SDPL ry.)<\/span><\/p>\n<p style=\"padding-left: 30px;\"><span style=\"color: #800080;\">329.15-053.6 (480) SNDL tai 329.15-053.6 SNDL (Suomen Demokraattinen Nuorisoliitto SDNL ry., 1944-&gt;)<\/span><\/p>\n<p style=\"padding-left: 30px;\"><span style=\"color: #800080;\">329.15-053.6 (480) tai 329.15-053.6 Vasemmistonuoret (1999-&gt;) (nyk.)<\/span><\/p>\n<p style=\"padding-left: 30px;\"><span style=\"color: #800080;\">329.15 (430.2) FDJ (Freie Deutsche Jugend FDJ, DDR:ss\u00e4 toiminut)<\/span><\/p>\n<p style=\"padding-left: 30px;\"><span style=\"color: #800080;\">329.15-057.87 (480) SOL tai 320.15-057.87 SOL (Sosialistinen Opiskelijaliitto SOL ry.) (1965 &#8211; 1990?)<\/span><\/p>\n<p>Puolueiden ja varhaisnuoriso-, nuoriso-, opiskelija- ja naisj\u00e4rjest\u00f6jen tuottaman materiaalin hyllytysryhm\u00e4t:<\/p>\n<p style=\"padding-left: 30px;\">&#8211; aakkosj\u00e4rjestyksess\u00e4<\/p>\n<p style=\"padding-left: 30px;\"><span style=\"color: #800080;\">1) yleisteokset (historiikit yms.)<\/span><\/p>\n<p style=\"padding-left: 30px;\">&#8211; aikaj\u00e4rjestyksess\u00e4<\/p>\n<p style=\"padding-left: 30px;\"><span style=\"color: #800080;\">2) p\u00f6yt\u00e4kirjat<\/span><\/p>\n<p style=\"padding-left: 30px;\"><span style=\"color: #800080;\">3) toimintakertomukset ja -suunnitelmat<\/span><\/p>\n<p style=\"padding-left: 30px;\"><span style=\"color: #800080;\">4) asiakirjat (puoluekokousaineisto: taustamuistiot, aloitteet, esitykset<\/span><\/p>\n<p style=\"padding-left: 30px;\"><span style=\"color: #800080;\">5) s\u00e4\u00e4nn\u00f6t<\/span><\/p>\n<p style=\"padding-left: 30px;\"><span style=\"color: #800080;\">6) ohjelmat<\/span><\/p>\n<p style=\"padding-left: 30px;\"><span style=\"color: #800080;\">7) julkaisusarjat<\/span><\/p>\n<p style=\"padding-left: 30px;\"><span style=\"color: #800080;\">8 julkaisut<\/span><\/p>\n<p style=\"padding-left: 30px;\"><span style=\"color: #800080;\">9) vaalit<\/span><\/p>\n<p style=\"padding-left: 30px;\"><span style=\"color: #800080;\">10) piirij\u00e4rjest\u00f6t<\/span><\/p>\n<p style=\"padding-left: 60px;\"><span style=\"color: #800080;\">&#8211; historiikit<\/span><\/p>\n<p style=\"padding-left: 60px;\"><span style=\"color: #800080;\">&#8211; p\u00f6yt\u00e4kirjat<\/span><\/p>\n<p style=\"padding-left: 60px;\"><span style=\"color: #800080;\">&#8211; kertomukset<\/span><\/p>\n<p style=\"padding-left: 60px;\"><span style=\"color: #800080;\">&#8211; muut julkaisut<\/span><\/p>\n<p style=\"padding-left: 30px;\"><span style=\"color: #800080;\">11) eduskuntaryhm\u00e4t<\/span><\/p>\n<p style=\"padding-left: 30px;\"><span style=\"color: #800080;\">12) paikallisj\u00e4rjest\u00f6t<\/span><\/p>\n<p>Ammattiyhdistysaineiston luokituskaava:<\/p>\n<p><span style=\"color: #800080;\">331 Ty\u00f6, ty\u00f6n taloustiede, ty\u00f6el\u00e4m\u00e4, ty\u00f6llisyys, ammattiyhdistyspolitiikka<\/span><\/p>\n<p style=\"padding-left: 60px;\"><span style=\"color: #800080;\">331-053.2 lasten asema, lapsuuden historia, lapsity\u00f6<\/span><\/p>\n<p style=\"padding-left: 60px;\"><span style=\"color: #800080;\">331-053.6 nuoret ty\u00f6el\u00e4m\u00e4ss\u00e4, nuorten asema, nuorisotutkimus<\/span><\/p>\n<p style=\"padding-left: 60px;\"><span style=\"color: #800080;\">331-055.1 miehet, t\u00e4h\u00e4n mahdollinen miestutkimus<\/span><\/p>\n<p style=\"padding-left: 60px;\"><span style=\"color: #800080;\">331-055.2 naiset ty\u00f6el\u00e4m\u00e4ss\u00e4, naisten asema, naistutkimus<\/span><\/p>\n<p style=\"padding-left: 30px;\"><span style=\"color: #800080;\">331.1 ty\u00f6el\u00e4m\u00e4, ty\u00f6n taloustiede, ty\u00f6 ja p\u00e4\u00e4oma, ammattiyhdistysliike<\/span><\/p>\n<p style=\"padding-left: 60px;\"><span style=\"color: #800080;\">331.101 ty\u00f6n teoria, ty\u00f6n taloustiede, ty\u00f6n yhteiskunnallinen merkitys, oikeus ty\u00f6h\u00f6n, syrjint\u00e4 ja virkakiellot, yhteiskunnallinen ty\u00f6njako, ty\u00f6 taloudellisena tekij\u00e4n\u00e4, ty\u00f6psykologia, teknologisen kehityksen vaikutus ty\u00f6h\u00f6n, automaatio, ty\u00f6n sis\u00e4lt\u00f6, ty\u00f6n organisointi, tasa-arvo ty\u00f6el\u00e4m\u00e4ss\u00e4<\/span><\/p>\n<p style=\"padding-left: 60px;\"><span style=\"color: #800080;\">331.104 ty\u00f6elm\u00e4n suhteet, ty\u00f6el\u00e4m\u00e4n uudistuminen jne.<\/span><\/p>\n<p style=\"padding-left: 60px;\"><span style=\"color: #800080;\">331.105 ty\u00f6suhteiden osapuolet, ty\u00f6nantaja- ja ty\u00f6ntekij\u00e4j\u00e4rjest\u00f6t<\/span><\/p>\n<p style=\"padding-left: 90px;\"><span style=\"color: #800080;\">331.105.44 ammattiyhdistykset, ay-liike<\/span><\/p>\n<p style=\"padding-left: 90px;\"><span style=\"color: #800080;\">-keskusj\u00e4rjest\u00f6t, ammattiliitot maittain<\/span><\/p>\n<p style=\"padding-left: 90px;\">-esimerkiksi<\/p>\n<p style=\"padding-left: 90px;\"><span style=\"color: #800080;\">331.105.44 (480) SAK tai 331.105.44 SAK (Suomen Ammattiliittojen Keskusj\u00e4rjest\u00f6 SAK ry.)<\/span><\/p>\n<p style=\"padding-left: 90px;\"><span style=\"color: #800080;\">331.105.44 LO (Landsorganisationen i Sverige LO, Ruotsin ammattiliittojen keskusj\u00e4rjest\u00f6 LO)<\/span><\/p>\n<p style=\"padding-left: 90px;\"><span style=\"color: #800080;\">331.105.44 (480) Metalliliitto<\/span><\/p>\n<p style=\"padding-left: 90px;\"><span style=\"color: #800080;\">331.105.44 (480) Rakennusliitto (aik. Suomen Rakennusty\u00f6l\u00e4isten Liitto)<\/span><\/p>\n<p style=\"padding-left: 60px;\"><span style=\"color: #800080;\">331.106 ty\u00f6ehtosopimukset<\/span><\/p>\n<p style=\"padding-left: 60px;\"><span style=\"color: #800080;\">331.107 yritysdemokratia<\/span><\/p>\n<p style=\"padding-left: 60px;\"><span style=\"color: #800080;\">331.108 ty\u00f6voimakysymykset, henkil\u00f6st\u00f6hallinto<\/span><\/p>\n<p style=\"padding-left: 60px;\"><span style=\"color: #800080;\">331.109 ty\u00f6riidat, ty\u00f6taistelut, lakot<\/span><\/p>\n<p>L\u00c4HTEET:<\/p>\n<p style=\"padding-left: 30px;\">1) <a title=\"SDP\" href=\"https:\/\/www.sdp.fi\/\" target=\"_blank\">Suomen Sosialidemokraattinen Puolue<\/a>. Sdp.fi. Viitattu 11.1.2011.<\/p>\n<p style=\"padding-left: 30px;\">2) <a title=\"Vasemmistoliitto\" href=\"https:\/\/www.vasemmisto.fi\/\" target=\"_blank\">Vasemmistoliitto<\/a>. Vasemmisto.fi. Viitattu 11.1.2011.<\/p>\n<p style=\"padding-left: 30px;\"><!-- [if gte mso 9]&gt; 800x600 &lt;![endif]--><!-- [if gte mso 9]&gt; Normal 0 21 false false false FI X-NONE X-NONE MicrosoftInternetExplorer4 &lt;![endif]--><!-- [if gte mso 9]&gt; &lt;![endif]--><!-- [if gte mso 10]&gt;--><\/p>\n<p class=\"MsoNormal\" style=\"margin-left: 127.6pt;\"><span style=\"font-size: 12pt;\"><br \/>\n<\/span><\/p>\n","protected":false},"excerpt":{"rendered":"<p class=\"excerpt\">Kokoelman keskeist\u00e4 osaa ovat sek\u00e4 Suomen Sosialidemokraattisen Puolue rp:n 1)\u00a0 ett\u00e4 Vasemmistoliito rp:n 2) aineistot. Mukana ovat my\u00f6s n\u00e4iden alaj\u00e4rjest\u00f6jen, kuten lapsi- , nuoriso- ja naisj\u00e4rjest\u00f6jen aineistot. Kirjastossa on jonkin verran my\u00f6s muiden puolueiden aineistoa. Uusimmat puolueaineistot l\u00f6ytyv\u00e4t puolueiden kotisivuilta, politiikka-v\u00e4lilehdelt\u00e4. Puolueainston ja ammattiyhdistysaineiston luokituskaavat Ty\u00f6v\u00e4enliikkeen kirjastossa. Haut l\u00f6ytyv\u00e4t Helka-tietokannan perushausta sijaintihaulla. Luokan j\u00e4lkeen on muistettava kysymysmerkki katkaisumerkkin\u00e4, jolloin saa &#8230; <a title=\"Puolueaineisto\" class=\"read-more\" href=\"https:\/\/www.tyovaenperinne.fi\/tyovaki\/tyovaenliikkeen-kirjasto\/puolueaineisto\/\">Read more<\/a><\/p>\n<p class=\"more-link-p\"><a class=\"btn btn-default\" href=\"https:\/\/www.tyovaenperinne.fi\/tyovaki\/tyovaenliikkeen-kirjasto\/puolueaineisto\/\">Read more<\/a><\/p>\n","protected":false},"author":1,"featured_media":0,"parent":54,"menu_order":0,"comment_status":"closed","ping_status":"closed","template":"","meta":[],"_links":{"self":[{"href":"https:\/\/www.tyovaenperinne.fi\/tyovaki\/wp-json\/wp\/v2\/pages\/41"}],"collection":[{"href":"https:\/\/www.tyovaenperinne.fi\/tyovaki\/wp-json\/wp\/v2\/pages"}],"about":[{"href":"https:\/\/www.tyovaenperinne.fi\/tyovaki\/wp-json\/wp\/v2\/types\/page"}],"author":[{"embeddable":true,"href":"https:\/\/www.tyovaenperinne.fi\/tyovaki\/wp-json\/wp\/v2\/users\/1"}],"replies":[{"embeddable":true,"href":"https:\/\/www.tyovaenperinne.fi\/tyovaki\/wp-json\/wp\/v2\/comments?post=41"}],"version-history":[{"count":2,"href":"https:\/\/www.tyovaenperinne.fi\/tyovaki\/wp-json\/wp\/v2\/pages\/41\/revisions"}],"predecessor-version":[{"id":695,"href":"https:\/\/www.tyovaenperinne.fi\/tyovaki\/wp-json\/wp\/v2\/pages\/41\/revisions\/695"}],"up":[{"embeddable":true,"href":"https:\/\/www.tyovaenperinne.fi\/tyovaki\/wp-json\/wp\/v2\/pages\/54"}],"wp:attachment":[{"href":"https:\/\/www.tyovaenperinne.fi\/tyovaki\/wp-json\/wp\/v2\/media?parent=41"}],"curies":[{"name":"wp","href":"https:\/\/api.w.org\/{rel}","templated":true}]}}